{"id":32,"date":"2023-04-16T16:01:36","date_gmt":"2023-04-16T13:01:36","guid":{"rendered":"https:\/\/taidemyynti.fi\/?page_id=32"},"modified":"2023-04-28T21:54:19","modified_gmt":"2023-04-28T18:54:19","slug":"paasivu","status":"publish","type":"page","link":"https:\/\/taidemyynti.fi\/","title":{"rendered":"P\u00e4\u00e4sivu"},"content":{"rendered":"\n<div class=\"wp-block-themepunch-revslider revslider\" data-modal=\"false\" data-slidertitle=\"Architecture Menu1\" style=\"\">\n\t\t\t\t<p class=\"rs-p-wp-fix\"><\/p>\n\t\t\t\t<sr7-module data-alias=\"architecture-menu1\" data-id=\"3\" id=\"SR7_3_1\" data-version=\"6.7.52\">\n\t\t\t\t\t<sr7-adjuster><\/sr7-adjuster>\n\t\t\t\t\t<sr7-content>\n\t\t\t\t\t\t<sr7-slide id=\"SR7_3_1-1\" data-key=\"1\">\n\t\t\t\t\t\t\t<sr7-txt id=\"SR7_3_1-1-1\" class=\"sr7-layer\">Online Arts And Desiqns<\/sr7-txt>\n\t\t\t\t\t\t\t<sr7-txt id=\"SR7_3_1-1-2\" class=\"sr7-layer\">taidemyynti<\/sr7-txt>\n\t\t\t\t\t\t\t<sr7-txt id=\"SR7_3_1-1-4\" class=\"sr7-layer\">Ajatus<\/sr7-txt>\n\t\t\t\t\t\t\t<sr7-txt id=\"SR7_3_1-1-5\" class=\"sr7-layer\">Main<\/sr7-txt>\n\t\t\t\t\t\t\t<sr7-txt id=\"SR7_3_1-1-6\" class=\"sr7-layer\">Teokset<\/sr7-txt>\n\t\t\t\t\t\t\t<sr7-txt id=\"SR7_3_1-1-7\" class=\"sr7-layer\">Yhteystiedot<\/sr7-txt>\n\t\t\t\t\t\t<\/sr7-slide>\n\t\t\t\t\t\t<sr7-slide id=\"SR7_3_1-31\" data-key=\"31\">\n\t\t\t\t\t\t<\/sr7-slide>\n\t\t\t\t\t<\/sr7-content>\n\t\t\t\t<\/sr7-module>\n\t\t\t\t<script>\n\t\t\t\t\twindow.SR7 ??={};SR7.PMH ??={}; SR7.PMH[\"SR7_3_1\"] = {cn:100,state:false,fn: function() { if (window._tpt!==undefined && window._tpt.prepareModuleHeight !== undefined) {  _tpt.prepareModuleHeight({id:\"SR7_3_1\",el:[900,768,960,720],fixed:true,type:'hero',shdw:'0',gh:[900,768,960,720],gw:[1240,1024,778,480],vpt:['-200px'],size:{fullWidth:true, fullHeight:false},mh:'0',onh:0,onw:0,bg:{color:'transparent'}});   SR7.PMH[\"SR7_3_1\"].state=true;} else if(SR7.PMH[\"SR7_3_1\"].cn-->0)\tsetTimeout( SR7.PMH[\"SR7_3_1\"].fn,19);}};SR7.PMH[\"SR7_3_1\" ].fn();\n\t\t\t\t<\/script>\n<\/div>\n\n\n\n<div class=\"wp-block-themepunch-revslider revslider\" data-modal=\"false\" data-slidertitle=\"Architecture Portfolio1\" style=\"\">\n\t\t\t\t<p class=\"rs-p-wp-fix\"><\/p>\n\t\t\t\t<sr7-module data-alias=\"architecture-portfolio1\" data-id=\"15\" id=\"goto_portfolio\" class=\"rs-ov-hidden\" data-version=\"6.7.52\">\n\t\t\t\t\t<sr7-adjuster><\/sr7-adjuster>\n\t\t\t\t\t<sr7-content>\n\t\t\t\t\t\t<sr7-slide id=\"goto_portfolio-11\" data-key=\"11\">\n\t\t\t\t\t\t\t<sr7-txt id=\"goto_portfolio-11-11\" class=\"sr7-layer\">Galleriaan (tulossa!)<\/sr7-txt>\n\t\t\t\t\t\t\t<sr7-txt id=\"goto_portfolio-11-14\" class=\"sr7-layer\">Digitaalinen kuva, hanki omistusoikeus lohkoketjussa? Osta-Myy-Sijoita-Flippaa<\/sr7-txt>\n\t\t\t\t\t\t\t<sr7-txt id=\"goto_portfolio-11-15\" class=\"sr7-layer\">NFT\u00b4s<\/sr7-txt>\n\t\t\t\t\t\t\t<p id=\"goto_portfolio-11-18\" class=\"sr7-layer\">Tervetuloa taiteen ja teosten verkkokauppaan! Tarjoan ainutlaatuisia ja k\u00e4sin tehtyj\u00e4 taideteoksia nykyaikaisilla tyyleill\u00e4 ja tekniikoilla. Jokainen teos on yksil\u00f6llinen ja huolella suunniteltu. Tutustu valikoimaamme ja l\u00f6yd\u00e4 t\u00e4ydellinen teos juuri sinulle!<\/p>\n\t\t\t\t\t\t\t<h2 id=\"goto_portfolio-11-20\" class=\"sr7-layer\"> tarvittaessa kysele tietoja teoksista<br \/>\n<br \/>\nN\u00e4it\u00e4 teoksia l\u00f6ytyy vain muutama...<\/h2>\n\t\t\t\t\t\t\t<sr7-txt id=\"goto_portfolio-11-32\" class=\"sr7-layer\"><span style=\"font-weight:500;font-size:1.3em;\">\"Maalaukset\"<\/span><br \/>\n<span style=\"opacity:1;\">\u00d6ljy, akryyli, guassi<\/span><\/sr7-txt>\n\t\t\t\t\t\t\t<sr7-txt id=\"goto_portfolio-11-33\" class=\"sr7-layer\"><span style=\"font-weight:500;font-size:1.3em;\">\"Garden Of Eden\"<\/span><br \/>\n<span style=\"opacity:1;\">Starting at $9,500,000 excl. customization<\/span><\/sr7-txt>\n\t\t\t\t\t\t\t<a id=\"goto_portfolio-11-34\" class=\"sr7-layer\" href=\"https:\/\/taidemyynti.fi\/?page_id=230\" target=\"_blank\" rel=\"noopener\"><span style=\"font-weight:500;font-size:1.3em;\">\"Extra RieskaShop!\"<\/span><br \/>\n<span style=\"opacity:1;\">Tue ja kannusta kuvataiteen projekteja. Hanki muisto kouluajasta! Jees!<\/span><\/a>\n\t\t\t\t\t\t\t<a id=\"goto_portfolio-11-38\" class=\"sr7-layer\" href=\"https:\/\/taidemyynti.fi\/\" target=\"_blank\" rel=\"noopener\">Alkuun<\/a>\n\t\t\t\t\t\t\t<sr7-txt id=\"goto_portfolio-11-40\" class=\"sr7-layer\">joustavat maksutavat, mobilepay,  \u20bf, \u0141, Eth, Dogecoin etc...<\/sr7-txt>\n\t\t\t\t\t\t\t<sr7-txt id=\"goto_portfolio-11-41\" class=\"sr7-layer\">\u20ac <\/sr7-txt>\n\t\t\t\t\t\t\t<sr7-txt id=\"goto_portfolio-11-46\" class=\"sr7-layer\"><span style=\"font-weight:500;font-size:1.3em;\">\"Veistokset, patsaat\"<\/span><br \/>\n<span style=\"opacity:1;\">Keramiikka, ruostumaton ter\u00e4s, jalopuu<\/span><\/sr7-txt>\n\t\t\t\t\t\t<\/sr7-slide>\n\t\t\t\t\t\t<sr7-slide id=\"goto_portfolio-37\" data-key=\"37\">\n\t\t\t\t\t\t<\/sr7-slide>\n\t\t\t\t\t<\/sr7-content>\n\t\t\t\t\t<image_lists style=\"display:none\">\n\t\t\t\t\t\t<img data-src=\"\/\/taidemyynti.fi\/wp-content\/uploads\/2023\/04\/lyhty-scaled.jpg\" data-libid=\"158\" title=\"lyhty\" width=\"0\" height=\"0\" data-dbsrc=\"Ly90YWlkZW15eW50aS5maS93cC1jb250ZW50L3VwbG9hZHMvMjAyMy8wNC9seWh0eS1zY2FsZWQuanBn\"\/>\n\t\t\t\t\t\t<img data-src=\"\/\/taidemyynti.fi\/wp-content\/uploads\/revslider\/architecture-portfolio\/istur_Neo-futuristic_city_house_architecture_by_david_rockwell__6ffeaf62-08e0-4326-8387-922e3b71cf08-min.png\" data-libid=\"23\" title=\"istur_Neo-futuristic_city_house_architecture_by_david_rockwell__6ffeaf62-08e0-4326-8387-922e3b71cf08-min.png\" width=\"0\" height=\"0\" data-dbsrc=\"Ly90YWlkZW15eW50aS5maS93cC1jb250ZW50L3VwbG9hZHMvcmV2c2xpZGVyL2FyY2hpdGVjdHVyZS1wb3J0Zm9saW8vaXN0dXJfTmVvLWZ1dHVyaXN0aWNfY2l0eV9ob3VzZV9hcmNoaXRlY3R1cmVfYnlfZGF2aWRfcm9ja3dlbGxfXzZmZmVhZjYyLTA4ZTAtNDMyNi04Mzg3LTkyMmUzYjcxY2YwOC1taW4ucG5n\"\/>\n\t\t\t\t\t\t<img data-src=\"\/\/taidemyynti.fi\/wp-content\/uploads\/2023\/03\/akryyli_d2_l.jpg\" data-libid=\"42\" title=\"akryyli_d2_l\" width=\"0\" height=\"0\" data-dbsrc=\"Ly90YWlkZW15eW50aS5maS93cC1jb250ZW50L3VwbG9hZHMvMjAyMy8wMy9ha3J5eWxpX2QyX2wuanBn\"\/>\n\t\t\t\t\t\t<img data-src=\"\/\/taidemyynti.fi\/wp-content\/uploads\/2023\/04\/km_matto.jpg\" data-libid=\"160\" title=\"km_matto\" width=\"0\" height=\"0\" data-dbsrc=\"Ly90YWlkZW15eW50aS5maS93cC1jb250ZW50L3VwbG9hZHMvMjAyMy8wNC9rbV9tYXR0by5qcGc=\"\/>\n\t\t\t\t\t\t<img data-src=\"\/\/taidemyynti.fi\/wp-content\/uploads\/2023\/04\/rieskashop2.png\" data-libid=\"165\" title=\"rieskashop2\" width=\"0\" height=\"0\" data-dbsrc=\"Ly90YWlkZW15eW50aS5maS93cC1jb250ZW50L3VwbG9hZHMvMjAyMy8wNC9yaWVza2FzaG9wMi5wbmc=\"\/>\n\t\t\t\t\t\t<img data-src=\"\/\/taidemyynti.fi\/wp-content\/uploads\/2023\/04\/puulaatikko.jpg\" data-libid=\"161\" title=\"puulaatikko\" width=\"0\" height=\"0\" data-dbsrc=\"Ly90YWlkZW15eW50aS5maS93cC1jb250ZW50L3VwbG9hZHMvMjAyMy8wNC9wdXVsYWF0aWtrby5qcGc=\"\/>\n\t\t\t\t\t<\/image_lists>\n\t\t\t\t<\/sr7-module>\n\t\t\t\t<script>\n\t\t\t\t\twindow.SR7 ??={};SR7.PMH ??={}; SR7.PMH[\"goto_portfolio\"] = {cn:100,state:false,fn: function() { if (window._tpt!==undefined && window._tpt.prepareModuleHeight !== undefined) {  _tpt.prepareModuleHeight({id:\"goto_portfolio\",el:[2110,2110,1470,2608,2522],type:'hero',shdw:'0',gh:[1955,1955,1470,2608,2522],gw:[1240,1240,1024,778,480],vpt:['300px&#039;,&#039;300px&#039;,&#039;300px&#039;,&#039;300px&#039;,&#039;300px'],size:{fullWidth:true, fullHeight:false},mh:'0',onh:0,onw:0,bg:{color:'{\"orig\":\"transparent\",\"type\":\"solid\",\"string\":\"transparent\"}'}});   SR7.PMH[\"goto_portfolio\"].state=true;} else if(SR7.PMH[\"goto_portfolio\"].cn-->0)\tsetTimeout( SR7.PMH[\"goto_portfolio\"].fn,19);}};SR7.PMH[\"goto_portfolio\" ].fn();\n\t\t\t\t<\/script>\n<\/div>\n\n\n\n<div class=\"wp-block-themepunch-revslider revslider\" data-modal=\"false\" data-slidertitle=\"Architecture Contact1\" style=\"\">\n\t\t\t\t<p class=\"rs-p-wp-fix\"><\/p>\n\t\t\t\t<sr7-module data-alias=\"architecture-contact1\" data-id=\"19\" id=\"goto_contact\" class=\"rs-ov-hidden\" data-version=\"6.7.52\">\n\t\t\t\t\t<sr7-adjuster><\/sr7-adjuster>\n\t\t\t\t\t<sr7-content>\n\t\t\t\t\t\t<sr7-slide id=\"goto_contact-16\" data-key=\"16\">\n\t\t\t\t\t\t\t<p id=\"goto_contact-16-0\" class=\"sr7-layer\">Kiitos kun jaksoit vierailla sivustolla, alla yhteystiedot. Huomio, en tee taideteoshinta-arvioita! Omien taideteosten myynti-ilmoitus 200e\/3kk.<\/p>\n\t\t\t\t\t\t\t<sr7-txt id=\"goto_contact-16-2\" class=\"sr7-layer\">*<\/sr7-txt>\n\t\t\t\t\t\t\t<h2 id=\"goto_contact-16-5\" class=\"sr7-layer\">Ota yhteytt\u00e4 jos jokin asia teos mietitytt\u00e4\u00e4...<\/h2>\n\t\t\t\t\t\t\t<a id=\"goto_contact-16-8\" class=\"sr7-layer\" href=\"#\" target=\"_self\">*<\/a>\n\t\t\t\t\t\t\t<sr7-txt id=\"goto_contact-16-9\" class=\"sr7-layer\"><\/sr7-txt>\n\t\t\t\t\t\t\t<a id=\"goto_contact-16-10\" class=\"sr7-layer\" href=\"#\" target=\"_self\">*<\/a>\n\t\t\t\t\t\t\t<sr7-txt id=\"goto_contact-16-13\" class=\"sr7-layer\">Sosiaalinen Media<\/sr7-txt>\n\t\t\t\t\t\t\t<a id=\"goto_contact-16-14\" class=\"sr7-layer\" href=\"https:\/\/www.facebook.com\/\" target=\"_blank\" rel=\"noopener\"><i class=\"fa-facebook-f\"><\/i><\/a>\n\t\t\t\t\t\t\t<a id=\"goto_contact-16-16\" class=\"sr7-layer\" href=\"\" target=\"_blank\" rel=\"noopener\"><i class=\"fa-twitter\"><\/i><\/a>\n\t\t\t\t\t\t\t<a id=\"goto_contact-16-17\" class=\"sr7-layer\" href=\"https:\/\/www.instagram.com\/\" target=\"_blank\" rel=\"noopener\"><i class=\"fa-instagram\"><\/i><\/a>\n\t\t\t\t\t\t\t<sr7-txt id=\"goto_contact-16-18\" class=\"sr7-layer\">Privacy Policy<\/sr7-txt>\n\t\t\t\t\t\t\t<sr7-txt id=\"goto_contact-16-19\" class=\"sr7-layer\">Finland<\/sr7-txt>\n\t\t\t\t\t\t\t<sr7-txt id=\"goto_contact-16-20\" class=\"sr7-layer\">\u00a9 Copyright 2023<\/sr7-txt>\n\t\t\t\t\t\t\t<sr7-txt id=\"goto_contact-16-48\" class=\"sr7-layer\"><iframe src=\"https:\/\/www.google.com\/maps\/embed?pb=!1m18!1m12!1m3!1d24276.3471303801!2d22.22820584385736!3d60.45087417622658!2m3!1f0!2f0!3f0!3m2!1i1024!2i768!4f13.1!3m3!1m2!1s0x468c7584818edbbb%3A0x400b551554bc200!2sTurku!5e0!3m2!1sen!2sfi!4v1681642639896!5m2!1sen!2sfi\" width=\"100%\" height=\"450\" style=\"border:0;\" allowfullscreen=\"\" loading=\"lazy\" referrerpolicy=\"no-referrer-when-downgrade\"><\/iframe><\/sr7-txt>\n\t\t\t\t\t\t\t<sr7-txt id=\"goto_contact-16-51\" class=\"sr7-layer\">Yhteystiedot<\/sr7-txt>\n\t\t\t\t\t\t\t<sr7-txt id=\"goto_contact-16-52\" class=\"sr7-layer\">tommi@taidemyynti.fi<br \/>\n<\/sr7-txt>\n\t\t\t\t\t\t<\/sr7-slide>\n\t\t\t\t\t\t<sr7-slide id=\"goto_contact-39\" data-key=\"39\">\n\t\t\t\t\t\t<\/sr7-slide>\n\t\t\t\t\t<\/sr7-content>\n\t\t\t\t\t<image_lists style=\"display:none\">\n\t\t\t\t\t\t<img data-src=\"\/\/taidemyynti.fi\/wp-content\/uploads\/2023\/04\/tausta_metalli.jpg\" data-libid=\"162\" title=\"tausta_metalli\" width=\"0\" height=\"0\" data-dbsrc=\"Ly90YWlkZW15eW50aS5maS93cC1jb250ZW50L3VwbG9hZHMvMjAyMy8wNC90YXVzdGFfbWV0YWxsaS5qcGc=\"\/>\n\t\t\t\t\t<\/image_lists>\n\t\t\t\t<\/sr7-module>\n\t\t\t\t<script>\n\t\t\t\t\twindow.SR7 ??={};SR7.PMH ??={}; SR7.PMH[\"goto_contact\"] = {cn:100,state:false,fn: function() { if (window._tpt!==undefined && window._tpt.prepareModuleHeight !== undefined) {  _tpt.prepareModuleHeight({id:\"goto_contact\",el:[1295,1295,1220,1254,1268],type:'standard',shdw:'0',gh:[1295,1295,1220,1254,1268],gw:[1240,1240,1024,778,480],vpt:['200px&#039;,&#039;200px&#039;,&#039;200px&#039;,&#039;200px&#039;,&#039;200px'],size:{fullWidth:true, fullHeight:false},mh:'0',onh:0,onw:0,bg:{color:'{\"orig\":\"transparent\",\"type\":\"solid\",\"string\":\"transparent\"}'}});   SR7.PMH[\"goto_contact\"].state=true;} else if(SR7.PMH[\"goto_contact\"].cn-->0)\tsetTimeout( SR7.PMH[\"goto_contact\"].fn,19);}};SR7.PMH[\"goto_contact\" ].fn();\n\t\t\t\t<\/script>\n<\/div>\n","protected":false},"excerpt":{"rendered":"","protected":false},"author":1,"featured_media":0,"parent":0,"menu_order":0,"comment_status":"closed","ping_status":"closed","template":"..\/public\/views\/revslider-page-template.php","meta":{"footnotes":""},"class_list":["post-32","page","type-page","status-publish","hentry"],"jetpack_sharing_enabled":true,"_links":{"self":[{"href":"https:\/\/taidemyynti.fi\/index.php?rest_route=\/wp\/v2\/pages\/32","targetHints":{"allow":["GET"]}}],"collection":[{"href":"https:\/\/taidemyynti.fi\/index.php?rest_route=\/wp\/v2\/pages"}],"about":[{"href":"https:\/\/taidemyynti.fi\/index.php?rest_route=\/wp\/v2\/types\/page"}],"author":[{"embeddable":true,"href":"https:\/\/taidemyynti.fi\/index.php?rest_route=\/wp\/v2\/users\/1"}],"replies":[{"embeddable":true,"href":"https:\/\/taidemyynti.fi\/index.php?rest_route=%2Fwp%2Fv2%2Fcomments&post=32"}],"version-history":[{"count":16,"href":"https:\/\/taidemyynti.fi\/index.php?rest_route=\/wp\/v2\/pages\/32\/revisions"}],"predecessor-version":[{"id":233,"href":"https:\/\/taidemyynti.fi\/index.php?rest_route=\/wp\/v2\/pages\/32\/revisions\/233"}],"wp:attachment":[{"href":"https:\/\/taidemyynti.fi\/index.php?rest_route=%2Fwp%2Fv2%2Fmedia&parent=32"}],"curies":[{"name":"wp","href":"https:\/\/api.w.org\/{rel}","templated":true}]}}